 and 568?
8
What is the greatest common divisor of 9381 and 2596?
59
Calculate the highest common divisor of 45 and 109263.
3
Calculate the highest common divisor of 784 and 302.
2
What is the highest common factor of 2075 and 69775?
25
What is the greatest common factor of 342221 and 1166?
583
Calculate the highest common factor of 1085 and 13751290.
1085
What is the highest common divisor of 188 and 852251?
47
Calculate the highest common divisor of 26741 and 102.
17
What is the greatest common factor of 1028137 and 145?
29
Calculate the greatest common divisor of 2 and 67618.
2
Calculate the greatest common factor of 90114 and 7176.
138
Calculate the greatest common factor of 6125 and 425.
25
What is the greatest common divisor of 342 and 31502?
38
Calculate the greatest common divisor of 80 and 184490.
10
Calculate the greatest common factor of 4784 and 510094.
598
What is the highest common divisor of 20 and 151180?
20
What is the greatest common factor of 16 and 139544?
8
Calculate the greatest common divisor of 76992 and 5952.
192
Calculate the highest common divisor of 21606 and 13962.
78
What is the greatest common factor of 1200 and 579150?
150
What is the greatest common divisor of 752 and 6368?
16
Calculate the greatest common factor of 280062 and 216.
18
What is the greatest common factor of 14427 and 651?
21
Calculate the greatest common factor of 11060 and 8.
4
Calculate the greatest common divisor of 544 and 208.
16
Calculate the greatest common factor of 685725 and 446.
223
What is the greatest common factor of 690 and 16260?
30
What is the greatest common divisor of 528 and 9988?
44
What is the highest common divisor of 36 and 575973?
9
Calculate the highest common factor of 159300 and 1275.
75
Calculate the highest common factor of 286779 and 327.
327
What is the highest common factor of 64040 and 25?
5
What is the highest common divisor of 90 and 2169?
9
What is the highest common divisor of 136224 and 3960?
792
Calculate the greatest common factor of 64 and 30304.
32
Calculate the greatest common factor of 28316 and 2.
2
What is the greatest common divisor of 13112 and 1507?
11
What is the highest common divisor of 663 and 5592847?
221
Calculate the highest common divisor of 364 and 78533.
91
What is the highest common factor of 13794 and 48?
6
Calculate the highest common factor of 402 and 4136178.
402
Calculate the greatest common factor of 51 and 68374.
17
What is the highest common factor of 738200 and 800?
200
Calculate the greatest common divisor of 162444 and 12.
12
What is the greatest common factor of 325 and 125525?
25
What is the highest common factor of 7788 and 708?
708
What is the highest common factor of 54439 and 101?
101
Calculate the greatest common factor of 4321 and 164049.
149
Calculate the highest common divisor of 4084 and 148.
4
Calculate the highest common factor of 31441 and 344484.
1367
Calculate the highest common divisor of 480 and 6735.
15
What is the highest common factor of 9412 and 1118?
26
Calculate the greatest common factor of 868 and 49259.
217
What is the highest common factor of 12618 and 27?
9
Calculate the highest common divisor of 30 and 179810.
10
Calculate the greatest common divisor of 184 and 5096.
8
What is the highest common factor of 105 and 13895?
35
What is the highest common divisor of 1052 and 21303?
263
Calculate the greatest common divisor of 19258948 and 1852.
1852
Calculate the highest common factor of 2120 and 28408.
424
What is the greatest common factor of 1169 and 4445?
7
What is the highest common divisor of 47696 and 46883?
271
What is the greatest common divisor of 140600 and 40?
40
Calculate the greatest common divisor of 1211184 and 18.
18
What is the highest common divisor of 40 and 63380?
20
Calculate the highest common divisor of 5690 and 22.
2
Calculate the highest common divisor of 16779 and 1281.
21
Calculate the highest common divisor of 4714775 and 815.
815
What is the highest common divisor of 2329 and 2176?
17
Calculate the highest common factor of 67455 and 30.
15
What is the highest common factor of 4470 and 159132?
894
Calculate the greatest common divisor of 64155 and 52.
13
What is the highest common factor of 3131 and 18887?
101
Calculate the highest common divisor of 24 and 10260.
12
What is the highest common factor of 542240 and 96?
32
What is the greatest common factor of 13064 and 34861?
71
Calculate the greatest common factor of 63176 and 2332.
212
Calculate the greatest common divisor of 547 and 8401373.
547
Calculate the highest common divisor of 54 and 21087.
27
What is the greatest common factor of 790 and 11929?
79
Calculate the highest common factor of 87507 and 126.
63
Calculate the greatest common divisor of 290 and 197720.
10
Calculate the greatest common factor of 14 and 19407332.
14
What is the greatest common divisor of 3960 and 2751210?
990
Calculate the greatest common divisor of 16 and 155856.
16
What is the highest common divisor of 257944 and 8?
8
Calculate the highest common factor of 28055 and 4495.
155
Calculate the greatest common divisor of 3980 and 111840.
20
Calculate the greatest common divisor of 5478 and 58146.
66
Calculate the highest common divisor of 3876 and 8.
4
What is the highest common divisor of 1643680 and 160?
160
What is the greatest common factor of 342 and 490846?
38
What is the greatest common factor of 1188 and 3969?
27
Calculate the greatest common factor of 76364 and 238.
34
What is the greatest common divisor of 6 and 4526?
2
What is the greatest common factor of 1584 and 114444?
396
Calculate the greatest common factor of 22178 and 4043.
13
What is the highest common divisor of 1375 and 45925?
275
What is the greatest common divisor of 4539 and 8670?
51
Calculate the greatest common divisor of 156 and 57044.
52
Calculate the highest common divisor of 15465 and 12.
3
What is the highest common factor of 181350 and 90?
90
Calculate the greatest common divisor of 23695 and 35.
35
What is the greatest common divisor of 8798 and 265?
53
What is the highest common factor of 311490 and 54?
18
What is the highest common divisor of 96 and 876?
12
Calculate the highest common divisor of 34 and 103394.
34
Calculate the greatest common divisor of 9545 and 25990.
115
What is the greatest common divisor of 16 and 17912?
8
What is the highest common divisor of 363658 and 3126?
1042
What is the greatest common divisor of 1632 and 19104?
96
Calculate the highest common factor of 5049 and 5423.
187
Calculate the highest common factor of 1354 and 50.
2
Calculate the greatest common divisor of 48 and 43896.
24
Calculate the highest common factor of 8700 and 82200.
300
What is the highest common factor of 67504 and 64?
16
Calculate the highest common factor of 10640 and 2394.
266
Calculate the highest common factor of 3387532 and 92.
92
Calculate the highest common divisor of 4770 and 720.
90
What is the greatest common factor of 456 and 153900?
228
Calculate the greatest common divisor of 13475 and 19943.
539
What is the highest common factor of 7073 and 1727?
11
Calculate the highest common factor of 810 and 1640.
10
Calculate the highest common factor of 87 and 67657.
29
Calculate the greatest common divisor of 4371 and 1333.
31
What is the greatest common divisor of 51959 and 233?
233
Calculate the greatest common factor of 11 and 643.
1
What is the highest common factor of 32 and 791600?
16
Calculate the highest common factor of 351979 and 1346.
673
Calculate the greatest common divisor of 8 and 2012.
4
Calculate the greatest common factor of 790 and 21962.
158
What is the highest common factor of 147 and 102?
3
What is the highest common divisor of 561 and 105978?
51
What is the greatest common divisor of 488 and 88?
8
Calculate the highest common divisor of 1232 and 30569.
77
What is the highest common divisor of 43 and 185932?
43
Calculate the greatest common factor of 2111550 and 150.
150
What is the greatest common divisor of 824 and 3944?
8
What is the greatest common factor of 256 and 217152?
64
Calculate the highest common factor of 774 and 48891.
129
Calculate the greatest common factor of 50275 and 25.
25
Calculate the highest common factor of 160749 and 9.
9
What is the highest common divis